[INFO] fetching crate basehangul 0.1.10...
[INFO] checking basehangul-0.1.10 against master#af3c6e733a40e671550e0f0f5aeecaa13772ba56 for pr-74989
[INFO] extracting crate basehangul 0.1.10 into /workspace/builds/worker-5/source
[INFO] validating manifest of crates.io crate basehangul 0.1.10 on toolchain af3c6e733a40e671550e0f0f5aeecaa13772ba56
[INFO] running `Command { std: "/workspace/cargo-home/bin/cargo" "+af3c6e733a40e671550e0f0f5aeecaa13772ba56" "read-manifest" "--manifest-path" "Cargo.toml", kill_on_drop: false }`
[INFO] started tweaking crates.io crate basehangul 0.1.10
[INFO] finished tweaking crates.io crate basehangul 0.1.10
[INFO] tweaked toml for crates.io crate basehangul 0.1.10 written to /workspace/builds/worker-5/source/Cargo.toml
[INFO] running `Command { std: "/workspace/cargo-home/bin/cargo" "+af3c6e733a40e671550e0f0f5aeecaa13772ba56" "generate-lockfile" "--manifest-path" "Cargo.toml" "-Zno-index-update", kill_on_drop: false }`
[INFO] running `Command { std: "/workspace/cargo-home/bin/cargo" "+af3c6e733a40e671550e0f0f5aeecaa13772ba56" "fetch" "--locked" "--manifest-path" "Cargo.toml", kill_on_drop: false }`
[INFO] running `Command { std: "docker" "create" "-v" "/var/lib/crater-agent-workspace/builds/worker-5/target:/opt/rustwide/target:rw,Z" "-v" "/var/lib/crater-agent-workspace/builds/worker-5/source:/opt/rustwide/workdir:ro,Z" "-v" "/var/lib/crater-agent-workspace/cargo-home:/opt/rustwide/cargo-home:ro,Z" "-v" "/var/lib/crater-agent-workspace/rustup-home:/opt/rustwide/rustup-home:ro,Z" "-e" "SOURCE_DIR=/opt/rustwide/workdir" "-e" "CARGO_TARGET_DIR=/opt/rustwide/target" "-e" "CARGO_HOME=/opt/rustwide/cargo-home" "-e" "RUSTUP_HOME=/opt/rustwide/rustup-home" "-w" "/opt/rustwide/workdir" "-m" "1610612736" "--user" "0:0" "--network" "none" "rustops/crates-build-env@sha256:d92eaeed33fa75130ca1ee6c8a01d1ffb62bac859dfdfb3450e3e5d1c0146529" "/opt/rustwide/cargo-home/bin/cargo" "+af3c6e733a40e671550e0f0f5aeecaa13772ba56" "metadata" "--no-deps" "--format-version=1", kill_on_drop: false }`
[INFO] [stdout] 90eb0f7c1862cac62e139e70c61068e4f84cc520681059279e3fe856c6e162b9
[INFO] [stderr] WARNING: Your kernel does not support swap limit capabilities or the cgroup is not mounted. Memory limited without swap.
[INFO] running `Command { std: "docker" "start" "-a" "90eb0f7c1862cac62e139e70c61068e4f84cc520681059279e3fe856c6e162b9", kill_on_drop: false }`
[INFO] running `Command { std: "docker" "inspect" "90eb0f7c1862cac62e139e70c61068e4f84cc520681059279e3fe856c6e162b9", kill_on_drop: false }`
[INFO] running `Command { std: "docker" "rm" "-f" "90eb0f7c1862cac62e139e70c61068e4f84cc520681059279e3fe856c6e162b9", kill_on_drop: false }`
[INFO] [stdout] 90eb0f7c1862cac62e139e70c61068e4f84cc520681059279e3fe856c6e162b9
[INFO] running `Command { std: "docker" "create" "-v" "/var/lib/crater-agent-workspace/builds/worker-5/target:/opt/rustwide/target:rw,Z" "-v" "/var/lib/crater-agent-workspace/builds/worker-5/source:/opt/rustwide/workdir:ro,Z" "-v" "/var/lib/crater-agent-workspace/cargo-home:/opt/rustwide/cargo-home:ro,Z" "-v" "/var/lib/crater-agent-workspace/rustup-home:/opt/rustwide/rustup-home:ro,Z" "-e" "SOURCE_DIR=/opt/rustwide/workdir" "-e" "CARGO_TARGET_DIR=/opt/rustwide/target" "-e" "CARGO_INCREMENTAL=0" "-e" "RUST_BACKTRACE=full" "-e" "RUSTFLAGS=--cap-lints=forbid" "-e" "CARGO_HOME=/opt/rustwide/cargo-home" "-e" "RUSTUP_HOME=/opt/rustwide/rustup-home" "-w" "/opt/rustwide/workdir" "-m" "1610612736" "--user" "0:0" "--network" "none" "rustops/crates-build-env@sha256:d92eaeed33fa75130ca1ee6c8a01d1ffb62bac859dfdfb3450e3e5d1c0146529" "/opt/rustwide/cargo-home/bin/cargo" "+af3c6e733a40e671550e0f0f5aeecaa13772ba56" "check" "--frozen" "--all" "--all-targets" "--message-format=json", kill_on_drop: false }`
[INFO] [stdout] 8aa248da454038422cae51d07fb1ac880220b27516ef017f371c3c567ff2ebf7
[INFO] [stderr] WARNING: Your kernel does not support swap limit capabilities or the cgroup is not mounted. Memory limited without swap.
[INFO] running `Command { std: "docker" "start" "-a" "8aa248da454038422cae51d07fb1ac880220b27516ef017f371c3c567ff2ebf7", kill_on_drop: false }`
[INFO] [stderr]     Checking encoding_index_tests v0.1.4
[INFO] [stderr]     Checking encoding-index-korean v1.20141219.5
[INFO] [stderr]     Checking basehangul v0.1.10 (/opt/rustwide/workdir)
[INFO] [stdout] error[E0432]: unresolved import `std::borrow::IntoCow`
[INFO] [stdout]   --> src/lib.rs:14:24
[INFO] [stdout]    |
[INFO] [stdout] 14 | use std::borrow::{Cow, IntoCow};
[INFO] [stdout]    |                        ^^^^^^^ no `IntoCow` in `borrow`
[INFO] [stdout] 
[INFO] [stdout] 
[INFO] [stdout] warning: `...` range patterns are deprecated
[INFO] [stdout]    --> src/lib.rs:250:27
[INFO] [stdout]     |
[INFO] [stdout] 250 |                 Some(b @ 0...1023) => {
[INFO] [stdout]     |                           ^^^ help: use `..=` for an inclusive range
[INFO] [stdout]     |
[INFO] [stdout]     = note: `#[warn(ellipsis_inclusive_range_patterns)]` on by default
[INFO] [stdout] 
[INFO] [stdout] 
[INFO] [stdout] warning: `...` range patterns are deprecated
[INFO] [stdout]    --> src/lib.rs:254:30
[INFO] [stdout]     |
[INFO] [stdout] 254 |                 Some(b @ 1024...2045) => {
[INFO] [stdout]     |                              ^^^ help: use `..=` for an inclusive range
[INFO] [stdout] 
[INFO] [stdout] 
[INFO] [stdout] error[E0432]: unresolved import `std::borrow::IntoCow`
[INFO] [stdout]   --> src/lib.rs:14:24
[INFO] [stdout]    |
[INFO] [stdout] 14 | use std::borrow::{Cow, IntoCow};
[INFO] [stdout]    |                        ^^^^^^^ no `IntoCow` in `borrow`
[INFO] [stdout] 
[INFO] [stdout] 
[INFO] [stdout] warning: `...` range patterns are deprecated
[INFO] [stdout]    --> src/lib.rs:250:27
[INFO] [stdout]     |
[INFO] [stdout] 250 |                 Some(b @ 0...1023) => {
[INFO] [stdout]     |                           ^^^ help: use `..=` for an inclusive range
[INFO] [stdout]     |
[INFO] [stdout]     = note: `#[warn(ellipsis_inclusive_range_patterns)]` on by default
[INFO] [stdout] 
[INFO] [stdout] 
[INFO] [stdout] warning: `...` range patterns are deprecated
[INFO] [stdout]    --> src/lib.rs:254:30
[INFO] [stdout]     |
[INFO] [stdout] 254 |                 Some(b @ 1024...2045) => {
[INFO] [stdout]     |                              ^^^ help: use `..=` for an inclusive range
[INFO] [stdout] 
[INFO] [stdout] 
[INFO] [stdout] error[E0599]: no method named `into_cow` found for reference `&'static str` in the current scope
[INFO] [stdout]    --> src/lib.rs:243:68
[INFO] [stdout]     |
[INFO] [stdout] 243 |                     return Some(Err("non-integral number of bytes".into_cow()));
[INFO] [stdout]     |                                                                    ^^^^^^^^ method not found in `&'static str`
[INFO] [stdout] 
[INFO] [stdout] 
[INFO] [stdout] error[E0599]: no method named `into_cow` found for reference `&'static str` in the current scope
[INFO] [stdout]    --> src/lib.rs:271:57
[INFO] [stdout]     |
[INFO] [stdout] 271 |                     return Some(Err("invalid code word".into_cow()));
[INFO] [stdout]     |                                                         ^^^^^^^^ method not found in `&'static str`
[INFO] [stdout] 
[INFO] [stdout] 
[INFO] [stdout] error: aborting due to 3 previous errors; 2 warnings emitted
[INFO] [stdout] 
[INFO] [stdout] 
[INFO] [stdout] Some errors have detailed explanations: E0432, E0599.
[INFO] [stdout] 
[INFO] [stdout] For more information about an error, try `rustc --explain E0432`.
[INFO] [stdout] 
[INFO] [stderr] error: could not compile `basehangul`.
[INFO] [stderr] 
[INFO] [stderr] To learn more, run the command again with --verbose.
[INFO] [stderr] warning: build failed, waiting for other jobs to finish...
[INFO] [stdout] error[E0599]: no method named `into_cow` found for reference `&'static str` in the current scope
[INFO] [stdout]    --> src/lib.rs:243:68
[INFO] [stdout]     |
[INFO] [stdout] 243 |                     return Some(Err("non-integral number of bytes".into_cow()));
[INFO] [stdout]     |                                                                    ^^^^^^^^ method not found in `&'static str`
[INFO] [stdout] 
[INFO] [stdout] 
[INFO] [stdout] error[E0599]: no method named `into_cow` found for reference `&'static str` in the current scope
[INFO] [stdout]    --> src/lib.rs:271:57
[INFO] [stdout]     |
[INFO] [stdout] 271 |                     return Some(Err("invalid code word".into_cow()));
[INFO] [stdout]     |                                                         ^^^^^^^^ method not found in `&'static str`
[INFO] [stdout] 
[INFO] [stdout] 
[INFO] [stdout] error: aborting due to 3 previous errors; 2 warnings emitted
[INFO] [stdout] 
[INFO] [stdout] 
[INFO] [stdout] Some errors have detailed explanations: E0432, E0599.
[INFO] [stdout] 
[INFO] [stdout] For more information about an error, try `rustc --explain E0432`.
[INFO] [stdout] 
[INFO] [stderr] error: build failed
[INFO] running `Command { std: "docker" "inspect" "8aa248da454038422cae51d07fb1ac880220b27516ef017f371c3c567ff2ebf7", kill_on_drop: false }`
[INFO] running `Command { std: "docker" "rm" "-f" "8aa248da454038422cae51d07fb1ac880220b27516ef017f371c3c567ff2ebf7", kill_on_drop: false }`
[INFO] [stdout] 8aa248da454038422cae51d07fb1ac880220b27516ef017f371c3c567ff2ebf7
